 2*n**2 - 5*n + 6. Give b(1).
-7
Let p(y) = -y**2 - 16*y - 22. Determine p(-14).
6
Let k(t) = -t**2 + 7*t - 4. Calculate k(5).
6
Let a(n) = 33*n**3 - n. Give a(1).
32
Let g(h) = h**3 + 6*h**2 + 9*h + 1. Give g(-4).
-3
Let o(y) = -3*y**3 - 20*y**2 - 10*y + 18. Determine o(-6).
6
Let u(p) = 31*p - 222. Give u(7).
-5
Let i(a) = -2*a**3 - 17*a**2 + 7*a - 24. Give i(-9).
-6
Let z(v) = v**3 - 16*v**2 + 12*v + 28. What is z(15)?
-17
Let k(d) = d**3 - 6*d**2 + 3*d + 10. Determine k(5).
0
Let x(v) = v**3 - 7*v**2 + v - 16. What is x(7)?
-9
Let f(v) = -v**3 + 22*v**2 - 20*v - 17. Calculate f(21).
4
Let x(o) = -o**3 + o**2 + 2*o + 11. What is x(5)?
-79
Let k(m) = -125*m**3 - 2*m**2 + 7*m - 5. Determine k(1).
-125
Let f(g) = g**3 - 24*g**2 + 43*g + 14. Calculate f(22).
-8
Let q(z) = 4*z - 5. Give q(9).
31
Let v(x) = -2*x**2 + 13*x + 1. Calculate v(7).
-6
Let k(y) = -y**3 - 9*y**2 + 19*y - 36. Give k(-11).
-3
Let o(n) = 15*n. Determine o(1).
15
Let b(r) = 2*r - 6. Give b(-7).
-20
Let i(l) = -4*l + 26. What is i(6)?
2
Let z(v) = -v**3 + 3*v**2 + 2*v + 6. Give z(5).
-34
Let k(u) = -2*u**2 + 7*u - 27. Give k(3).
-24
Let v(l) = -4*l - 1. Give v(-5).
19
Let v(m) = 2*m - 29. What is v(13)?
-3
Let l(b) = -b**2 + b + 1. Give l(-4).
-19
Let g(k) = -18*k**3 - 5*k**2 + 8*k + 12. Determine g(-1).
17
Let s(j) = -5*j**2 - 4*j - 5. What is s(-4)?
-69
Let g(r) = 14*r**2 + 4*r - 3. Determine g(2).
61
Let w(z) = -15*z - 9. Determine w(4).
-69
Let x(a) = 4*a - 68. Calculate x(20).
12
Let d(o) = 12*o - 10. Give d(9).
98
Let w(l) = l**2 - 6*l - 5. Determine w(-4).
35
Let r(a) = -a**3 - 10*a**2 + 15*a + 10. Give r(-11).
-34
Let s(j) = j**2 + 35*j - 110. Give s(-38).
4
Let b(r) = -r**2 + 29*r - 101. Calculate b(25).
-1
Let j(x) = -x**3 + 23*x**2 - 20*x + 3. What is j(22)?
47
Let k(v) = -v**3 - 10*v**2 + v + 1. Give k(-10).
-9
Let h(v) = 18*v + 76. Give h(-4).
4
Let m(y) = -3*y**2 + 2. Calculate m(-3).
-25
Let n(v) = -v**3 + 16*v**2 - 14*v - 9. What is n(15)?
6
Let d(j) = 4*j - 17. Give d(6).
7
Let k(s) = s**3 + 28*s**2 + 54*s + 60. Determine k(-26).
8
Let u(t) = -t**3 + 9*t**2 - 2*t + 13. Calculate u(9).
-5
Let k(l) = l**3 - 14*l**2 - 17*l + 30. Calculate k(15).
0
Let r(m) = -m**3 - 20*m**2 + 42*m - 46. Calculate r(-22).
-2
Let y(p) = 18*p**2 - 2*p. Calculate y(2).
68
Let a(u) = u**3 + 9*u**2 + 8*u + 5. Give a(-8).
5
Let j(k) = -3*k**2 - 4*k - 4. What is j(-6)?
-88
Let k(z) = z**3 - 3*z**2 - z - 1. Give k(3).
-4
Let i(a) = -a**2 + 40. Give i(6).
4
Let v(t) = -10*t**2 + 1. Give v(-1).
-9
Let w(n) = -n**3 - 10*n**2 + 27*n + 15. Determine w(-12).
-21
Let a(q) = q**2 - 12*q + 24. What is a(10)?
4
Let s(m) = 2*m + 6. Calculate s(-7).
-8
Let y(p) = -24*p - 141. Give y(-5).
-21
Let d(l) = -11*l - 108. Calculate d(-9).
-9
Let u(b) = -b**3 - 3*b**2 - 2*b - 5. Calculate u(-3).
1
Let a(g) = 68*g + 8. What is a(3)?
212
Let s(y) = -y**3 + 19*y**2 - 34*y + 4. Calculate s(17).
4
Let y(u) = -2*u - 22. What is y(-4)?
-14
Let x(d) = -3*d**2 + 11*d - 5. Determine x(7).
-75
Let o(y) = -y**2 - 11*y - 2. What is o(-13)?
-28
Let a(f) = -5*f + 43. Determine a(10).
-7
Let s(p) = -10*p + 72. Calculate s(7).
2
Let q(b) = -b**3 - 21*b**2 + 48*b + 48. Determine q(-23).
2
Let t(d) = 6*d. Determine t(-5).
-30
Let x(a) = -a. Give x(9).
-9
Let w(g) = -g**2 + 5*g - 8. What is w(5)?
-8
Let x(m) = m**2 - 19*m - 30. Calculate x(21).
12
Let z(i) = i**2 + 13*i + 18. Calculate z(-4).
-18
Let g(i) = -i**3 + 8*i**2 - 17*i + 1. Calculate g(4).
-3
Let k(q) = -43*q + 185. What is k(5)?
-30
Let k(n) = 2*n**2 - 3*n - 13. Calculate k(6).
41
Let j(r) = 4*r + 6. What is j(-3)?
-6
Let h(a) = -10*a + 55. What is h(5)?
5
Let g(a) = -a**3 - 27*a**2 - a - 15. Determine g(-27).
12
Let r(b) = -b**2 + b + 1. Calculate r(-7).
-55
Let g(i) = -i**3 + i**2 - 5*i + 9. What is g(4)?
-59
Let j(p) = -3*p**2 - 3*p. What is j(-2)?
-6
Let f(s) = -s**3 + 9*s**2 - 12*s - 12. What is f(3)?
6
Let l(p) = -p**3 + 19*p**2 - 17*p - 15. Give l(18).
3
Let t(j) = 68*j - 206. Give t(3).
-2
Let z(r) = -4*r - 1. Give z(-6).
23
Let c(j) = -45*j - 3. What is c(-2)?
87
Let d(l) = -l**2 + 8*l + 20. Give d(12).
-28
Let f(t) = -t**3 + 8*t**2 - 2*t - 2. Calculate f(4).
54
Let v(g) = g**3 - 10*g**2 + 16*g + 17. Calculate v(8).
17
Let z(r) = 2*r + 12. Calculate z(-7).
-2
Let o(l) = -5*l + 2. Give o(-3).
17
Let o(u) = u. Determine o(1).
1
Let r(n) = -n**3 - 2*n**2 - 3*n. What is r(-2)?
6
Let u(s) = 9*s**2 + 3*s + 4. Calculate u(-2).
34
Let p(y) = -y**3 - 12*y**2 + 2*y + 29. Give p(-12).
5
Let c(f) = f**3 - 7*f**2 + f - 68. Calculate c(8).
4
Let y(w) = -8*w**3 + w**2 + 2*w + 1. Determine y(-2).
65
Let t(j) = -3*j + 54. Give t(18).
0
Let l(i) = i**2 + 3*i - 4. What is l(0)?
-4
Let i(c) = -8*c**2 - 4*c + 3. Give i(1).
-9
Let w(n) = 2*n**2 - 30*n + 57. Determine w(12).
-15
Let z(t) = 5*t - 57. Give z(13).
8
Let c(p) = 7*p**2 - p - 2. Determine c(-2).
28
Let c(k) = k**3 - k**2 - k + 28. Calculate c(0).
28
Let y(c) = -c**2 + 2*c - 19. Give y(5).
-34
Let x(s) = -3*s**3 - 122*s**2 - 81*s - 36. Give x(-40).
4
Let x(q) = 2*q**2 + 10*q + 8. Give x(-6).
20
Let h(m) = -6*m**3 + m**2 - m - 2. Give h(-1).
6
Let r(z) = -z**2 - 3*z - 2. Calculate r(-6).
-20
Let f(c) = -c**2 - 7*c - 8. What is f(-6)?
-2
Let b(d) = -2*d - 2. Determine b(4).
-10
Let j(h) = -5*h + 87. Give j(19).
-8
Let k(h) = -9*h + 1. What is k(3)?
-26
Let k(t) = 2*t**2 - 5*t + 29. Give k(9).
146
Let n(v) = -41*v**3 + 2*v**2 - 2*v + 1. What is n(1)?
-40
Let o(i) = -i**3 - 11*i**2 - 10*i - 3. What is o(-10)?
-3
Let r(c) = 2*c**2 - 16*c + 31. Determine r(6).
7
Let f(t) = -5*t + 19. Calculate f(9).
-26
Let j(i) = -9*i + 10. Determine j(8).
-62
Let c(l) = -l**2 - l - 13. Calculate c(0).
-13
Let h(d) = -19*d**2 - 19*d + 18. What is h(1)?
-20
Let x(h) = 2*h**2 + 4*h - 7. What is x(-7)?
63
Let a(f) = -3*f**2 + 8*f + 3. Calculate a(3).
0
Let v(l) = 3*l**3 + 23*l**2 - 4*l + 10. What is v(-8)?
-22
Let n(a) = -a**3 - 11*a**2 + 14*a + 4. Calculate n(-12).
-20
Let x(h) = h**2 - 6*h - 112. Determine x(14).
0
Let p(t) = 15*t - 29. Give p(6).
61
Let h(v) = v**3 - 6*v**2 + 4*v - 3. Determine h(5).
-8
Let y(j) = -j**2 - j + 7. Calculate y(-7).
-35
Let u(v) = v**3 - 18*v**2 + 21*v + 7. Determine u(17).
75
Let z(d) = -d**2 + 4*d - 7. Determine z(4).
-7
Let z(y) = y**3 + 10*y**2 - 21*y + 29. Determine z(-12).
-7
Let a(k) = k - 28. What is a(23)?
-5
Let h(r) = -r**3 + r**2 + 37. Give h(0).
37
Let p(a) = -a**3 + 9*a**2 - 11*a - 3. Calculate p(8).
-27
Let k(m) = m**2 + 25*m - 308. Calculate k(9).
-2
Let s(y) = 4*y + 3. Give s(-3).
-9
Let k(t) = t**3 + 6*t**2 + 6*t + 31. Calculate k(-6).
-5
Let o(b) = 50*b + 1. Calculate o(1).
51
Let h(o) = o**2 - 7*o - 14. Determine h(9).
4
Let g(q) = -q**2 + 3*q + 14. Calculate g(6).
-4
Let f(j) = j**2 - 4*j + 3. Give f(8).
35
Let p(l) = l**2 - 16*l - 156. Determine p(23).
5
Let p(m) = -m**2 - 17*m - 47. Determine p(-4).
5
Let f(c) = -c**2 - 11*c + 1. Determine f(-11).
1
Let x(a) = -27*a**2 + 2*a - 2. Calculate x(1).
-27
Let v(q) = 23*q - 321. Calculate v(14).
1
Let m(c) = -c**2 + 12*c - 10. Determine m(11).
1
Let d(f) = -4*f + 12. What is d(4)?
-4
Let v(q) = 2*q**2 - 3*q - 3. Give v(3).
6
Let z(f) = -2*f**2 + 6*f + 2. Calculate z(-3).
-34
Let r(z) = -z**3 - 6*z**2 - 2*z - 12. Give r(-6).
0
Let v(y) = -2*y**2 + 34*y - 33. What is v(1)?
-1
Let o(s) = -s**2 - 5*s + 60. What is o(7)?
-24
Let m(u) = 5*u**2 + 1. Give m(-1).
6
Let c(j) = -37*j + 96. Give c(5).
-89
Let q(r) = r. Calculate q(2).
2
Let q(n) = n**3 - 16*n**2 - 18*n + 19. What is q(17)?
2
Let n(s) = -s**3 - 20*s**2 + 43*s - 19. Calculate n(-22).
3
Let v(f) = -f + 3. Calculate v(-6).
9
Let b(d) = -2*d - 11. Give b(0).
-11
Let h(f) = -f**2 + f + 18. What is h(0)?
18
Let y(d) = -2*d - 5. Give y(-9).
13
Let l(v) = v**3 + 4*v**2 - 8*v - 5. Give l(-5).
10
Let h(k) = k**3 - k**2 - 22*k + 2. Calculate h(5).
-8
Let p(r) = -2*r**2 - 21*r + 59. Give p(-13).
-6
Let l(u) = -u**3 - 16*u**2 - 16*u - 8. What is l(-15)?
7
Let n(i) = i**3 + 7*i**2 - 15*i + 3. Give n(2).
9
Let i(v) = -2*v - 26. Give i(-5).
-16
Let y(m) = -m**3 + 11*m**2 - m + 7. Determine y(11).
-4
Let i(b) = -6*b + 6. Determine i(2).
-6
Let y(u) = -u**2 + 12*u - 31. Calculate y(4).
1
Let t(n) = n**3 + 12*n**2 + 6*n - 57. Give t(-11).
-2
Let d(a) = 16*a - 262. Give d(16).
-6
Let z(l) = l**3 - 5*l**2 + 